pose -6*f - 5*y - 29 = -3*f, 4*f = 4*y + 4. Let r(n) = -n**3 - 5*n**2 - 5*n - 6. Let j be r(f). Give u(j).
-8
Let b(p) = -23*p**2 - 10*p + 1. Let h be b(-2). Let n = -74 - h. Let i(t) be the first derivative of -3*t**2/2 - 3*t + 1. Give i(n).
6
Suppose 1 = -j + 2*j. Let d(f) be the first derivative of f**4/6 + f**3/3 - f**2/2 - 26*f - 26. Let k(m) be the first derivative of d(m). What is k(j)?
3
Let u(d) = -146*d + 391. Let a(y) = 3*y. Let q(z) = 5*a(z) + u(z). Calculate q(3).
-2
Let d be (-284)/(-7) - (-42)/98. Let c = d + -38. Let s(w) = w**3 - 2*w**2 - 5*w + 4. What is s(c)?
-2
Let c(m) be the second derivative of m**5/20 - m**4/3 - 3*m**3/2 + 11*m**2/2 - 110*m. What is c(5)?
-9
Let p(w) = w**3 + w**2 - w - 1. Let u = -29 + -4. Let g be u/(-27) - (-2)/(-9). Suppose -3*l = x + 6, -2*x - g = 2*l + 3. Calculate p(l).
-3
Let c = 5801 - 5775. Let j(v) = -2*v**3 + 51*v**2 + 26*v + 33. What is j(c)?
33
Let x(d) be the first derivative of -d**4/4 - 5*d**3/3 - 2*d**2 + 8*d + 32. Calculate x(-3).
2
Let o(w) = 2*w + 3. Let y(s) = -2*s**3 - 7*s**2 + 4*s + 17. Let a be y(-5). Let i = -74 + a. What is o(i)?
-1
Let u be 33/(3/(-15) + 539/1870). Suppose -6*o - u = -344. Let k(c) = -3*c**2 - c + 8*c + c**3 + 10*c**2 - 2. Determine k(o).
13
Let j(t) = 7*t + 57. Suppose 2*a = -3*i - 14, 6*i + 28 = -4*a + 9*i. Give j(a).
8
Let c(p) = 19*p**2 + 2*p + 1. Suppose 0 = -2*f - h + 375 + 173, -3*h = -4*f + 1086. Suppose 9*y + 282 = f. What is c(y)?
18
Let c(n) = 47*n**2 + 24*n + 51. Let j be c(-2). Let d(y) = 3 - 3*y - 190*y**2 + j*y**2 - 6. Calculate d(-3).
15
Let d be -2 + -17 + 1/(4*6/(-120)). Let u(r) = -r**3 - 25*r**2 - 24*r + 1. What is u(d)?
1
Let d(p) = 5*p + 18. Let m(z) = -2*z**3 + 61*z**2 + 31*z. Let l be m(31). Calculate d(l).
18
Let v(l) be the second derivative of l**5/20 - l**4/2 + 11*l**3/6 - 5*l**2 - 981*l. What is v(4)?
2
Let x(l) be the second derivative of 7/24*l**4 + 0 - 1/60*l**5 - 4*l + 0*l**3 - 9/2*l**2. Let t(m) be the first derivative of x(m). What is t(6)?
6
Let f = 9073 + -9071. Let g(v) = v - 3. Give g(f).
-1
Suppose -37*l + 25*l = -72. Let c(j) = -j**3 - 8*j + 2*j + l*j**2 - j + j**2. Determine c(6).
-6
Let s(l) = -l**3 - 11*l**2 - l - 11. Suppose 0 = 3*z - 4*r - 74, 3*r + 0*r + 72 = 3*z. Suppose z*c = 16*c - 66. Calculate s(c).
0
Let k(q) = -40*q + 128. Let b be k(3). Let y(h) = -b - 9 - h - 4 + 23 - 4. Determine y(1).
-3
Let z(j) = -3*j + 62. Let g = -5352 - -5380. What is z(g)?
-22
Suppose 12*a - 22 = 14. Let h(r) = a*r + 6*r**2 + 3*r + 51*r**3 + 7 + 50*r**3 - 156*r**3 + 56*r**3. Calculate h(-5).
2
Suppose 2*a - w = -11, 3*a - 3*w = -w - 14. Let j(o) = 2*o + 33. Calculate j(a).
17
Let t = -7768 - -77683/10. Let m(u) be the third derivative of t*u**5 + 4*u**2 + 1/6*u**3 + 0*u**4 + 0*u + 0. Calculate m(-1).
19
Suppose -29*k - 6 = -h - 28*k, h + 2 = -3*k. Let w(z) = -2*z**3 + 2*z**2 - 5*z + 4. What is w(h)?
-112
Let f(l) = 179*l + 526. Let p(o) = 762*o + 2103. Let c(v) = -9*f(v) + 2*p(v). What is c(-6)?
-6
Let f(z) be the second derivative of -3*z**3/2 + 7*z**2/2 - z. Let g(c) = 3*c - 2. Suppose 11*m = 63 - 19. Let q(h) = m*f(h) + 11*g(h). Give q(-6).
24
Let c(z) = 4*z**2 - 5*z**2 + 8*z**3 - 5*z**3. Let n(w) = -3*w + 14. Let v be n(0). Suppose v*t = 9*t + 5. What is c(t)?
2
Let f(l) be the third derivative of 0 - 3*l**2 + 7/6*l**3 + 2*l - 5/24*l**4. Give f(5).
-18
Let h(m) = 4*m - 6*m - 6*m + 2. Let n(w) = -3*w + 1. Let o(v) = -4*h(v) + 11*n(v). Let u be (-8 + 250/35)*(-11 + 4). What is o(u)?
-3
Let f(v) = -v**3 + 6*v**2 + 5*v - 3. Let j = -73 - -83. Suppose y + j = 2*w, 0 = -5*w - 5*y + 9*y + 19. Determine f(w).
-17
Let h(s) = -939*s - 921*s + 2778*s - 945*s + 130 - 2*s**3 + 13*s**2. Determine h(6).
4
Let z(q) = -q**2 - 13*q + 10. Let v(c) = -4*c**3 - 74*c**2 + 33*c - 103. Let b be v(-19). Give z(b).
50
Let o(t) = -11*t + 82. Suppose -68*u = -869 - 15. What is o(u)?
-61
Let c be (-240)/280 - 156/14. Let a(o) = -o**2 - 8*o + 34. Determine a(c).
-14
Let a = 2493 - 2504. Let p(u) = -3*u + 22. Determine p(a).
55
Suppose 5*o - 9*o = -20. Suppose 2*d - 96 = o*l, -3*d + 4*l + 153 = l. Let n(z) = -102 + z**3 + 7*z + d + 58 + 7*z**2. Give n(-6).
3
Let p be ((-6)/(-5) - 3)/(9/(-15)). Let g(q) = -2*q**2 + q**p + 129 - 2*q**2 - 2*q - 133 + q. What is g(4)?
-8
Let y be (30/(-20))/((-6)/8). Let u be (-4)/((-2 - y)/(-2)). Let v(x) be the first derivative of 5*x**2/2 + x + 749. Calculate v(u).
-9
Suppose -2*q = 3*z - 6*z - 3, 9 = -3*z + 4*q. Let w(g) = -725*g**2 - 4*g**3 + 726*g**2 + 0*g**3 - g. What is w(z)?
-4
Let i = 26 + -24. Let b(f) = 4*f**3 + 2*f - 6 + f**2 - 4*f**i + 0*f + 3. Suppose 5*s = 49 - 39. Calculate b(s).
21
Let i be (2/((-20)/(-6)))/((-2)/(-10)). Let k(j) = 79*j**2 - j + 67*j**2 + i - 139*j**2 + 2*j - j**3. Give k(7).
10
Let z(k) be the first derivative of -3*k**4/4 + k**3/3 + 9*k**2/2 - 5*k - 2764. Determine z(0).
-5
Let w(a) = -11*a**3 - 18*a**2 - 2*a - 12. Let n(o) = -13*o**3 - 21*o**2 - 2*o - 15. Let u(m) = -5*n(m) + 6*w(m). Calculate u(-3).
9
Let u(l) = -l**3 + 21*l**2 - 106*l + 1283. Let n be u(19). Let h(i) = 2*i**2 + 27*i + 1. Let s(t) = -t**2 - 13*t. Let y(z) = 3*h(z) + 7*s(z). Calculate y(n).
12
Let y be (4 - 22/6)*15 - 2. Let s(k) = y + 27 - 533*k + 535*k. Give s(-14).
2
Let f(j) be the second derivative of j**4/12 + 13*j**3/6 + j**2 - 20*j - 5. Determine f(-19).
116
Let h(m) = -18*m + 85. Suppose -3*x = -3*r - 3, -209*x - 2*r = -210*x - 3. Determine h(x).
-5
Let s(c) = 533 - 8*c - 286 - 130. Let k be s(15). Let w(h) = h**2 + h + 5. Determine w(k).
11
Let y = -34 + 41. Suppose 3*k + y = -2*h, 3 = 5*k + 3*h + 16. Let i(m) = m**2 + 7*m + 8. What is i(k)?
-2
Let u be (2431/136 + -18)/(0 + 0 + -1). Let q(s) be the third derivative of 0*s**3 - 1/60*s**5 + 0 + u*s**4 + 0*s + 19*s**2. Calculate q(4).
-4
Let a be ((-292)/5 - 2) + 4/10. Suppose 17*m - 12*m - 3*c + 304 = 0, -6 = 3*c. Let s = a - m. Let o(n) = n**2 - 2*n + 3. What is o(s)?
3
Let u(g) be the first derivative of -4*g**2 - 2. Let r = 39 + -25. Suppose 2*a = 4*l - r, -l = 7*a - 2*a - 9. Determine u(a).
-8
Let m(u) = -6*u**3 - 29*u**2 - 28*u + 1. Suppose 263*n + 176 = -107*n - 194. Determine m(n).
6
Let x(n) be the first derivative of n**4/4 + 5*n**3/3 - 9*n - 10967. Give x(-3).
9
Let u = -50 - -57. Suppose -3*z + u = 7. Let g(r) = r**2 - 2 + z*r**2 + 14*r - 9*r. Calculate g(-4).
-6
Let q(v) = -2*v**2 + 8*v + 12. Let k be 4/3*((-6 - -4) + 5) + 1. Give q(k).
2
Suppose 106*c - 840 = -62*c. Let g(b) = 2*b**3 - 11*b**2 + 2*b - 8. Give g(c).
-23
Let j(n) = -10*n + 4. Let z(k) = 15*k - 5. Let t(g) = 7*j(g) + 5*z(g). Let c(q) = q. Let f(w) = -4*c(w) + t(w). What is f(-5)?
-2
Let l(r) = -3*r + 2*r - 12 + r**3 - 7 + 8*r**2 + 0*r. Let k be l(-8). Let x(j) = -9*j - 22. Let g(i) = -4*i - 12. Let v(a) = 7*g(a) - 3*x(a). Calculate v(k).
-7
Let g = 584 - 401. Let l = g - 187. Let j(y) = y**2. Let f(o) = -7*o**2 - 2*o. Let n(b) = f(b) + 6*j(b). Calculate n(l).
-8
Let z(r) = r**2 + 10*r + 14. Suppose 0 = 32*d - 66*d - 272. What is z(d)?
-2
Let g(v) = -v - 2. Suppose -2*j + 29 + 31 = 0. Let w be (-2)/(-3*1/j). Suppose -3*s - 5*p - 12 = 0, 10*s + 5*p + w = 5*s. Calculate g(s).
2
Let o(n) = -67*n**2 - 7*n + 5. Let z(d) = -57*d**2 - 8*d + 6. Let l(v) = -6*o(v) + 7*z(v). Give l(3).
-3
Suppose -r = -h - 2, 0 = -2*h - 17*r + 15*r + 16. Let t(n) = -5*n - 1. Determine t(h).
-16
Suppose -3*l = -2*v + 5*v - 1668, -2210 = -4*v + 3*l. Let b = 579 - v. Let m(p) = p**2 - 23*p - 53. Determine m(b).
-3
Let w(q) = -6*q - 14*q - 1 + 23*q. Let g(u) = u**2 - 11*u + 27. Let d be g(8). Give w(d).
8
Suppose 0 = -3*i - 0*i + 5*v + 92, -3*v = -6. Suppose -i*m + 4 = -35*m. Let l be 8 + (m - (4 - 4)). Let w(k) = 2*k - 6. Give w(l).
2
Let y(x) be the third derivative of -x**4/6 - 9*x**3/2 - 4*x**2. Give y(18).
-99
Suppose 0 = -62*l + 969 - 39. Let m(b) = -4*b**2 + 63*b - 40. Calculate m(l).
5
Suppose -3*z + g + 6 = 0, -z + 3*g + 7 = -3*z. Let q(f) = -z - 706*f - 717*f + 1414*f. Determine q(-1).
8
Suppose 20*t - 14*t + 6 = 0. Let h(o) = -10*o - 17 + 18 - 8*o + 6*o. Give h(t).
13
Let p(t) = -t + 6. Suppose -54*w = -49*w - 140. Let l be (1 + (-35)/w)*-40. What is p(l)?
-4
Let w(g) = 29*g**2 + 1954 + 1997 - g**3 + 95*g - 3913. Calculate w(32).
6
Let w(u) be the first derivative of 3*u - 5 + 1/2*u**2. Let h(i) = 1. Le